1134*(-21)/6?
3
Let r be ((-3)/3*8)/(2/(-8)). Let i = 250 - r. Suppose 3*s - 3*k - i = k, 5*k - 173 = -3*s. What is the units digit of s?
6
Let w(n) = -n**3 + 33*n**2 + 24*n + 38. Let q be w(27). Suppose 0 = 2*z - 0*z, -4*j = 2*z - q. What is the hundreds digit of j?
2
What is the units digit of (-25 - -331)*22/4*(17 + 2)?
7
Suppose -6*x + 5*y = -14313, 5*x - 6544 = 2*y + 5377. What is the tens digit of x?
8
Let v(o) = 36709*o**2 + 54*o - 55. What is the hundreds digit of v(1)?
7
Suppose 11*w - 221 = 109. Let m(y) = -y**3 + 32*y**2 - 23*y - 25. What is the thousands digit of m(w)?
1
Suppose -2*n = -4*p, -n + 0*n = 5*p. Let k(v) = v**3 + v**2 + 4*v + 727. What is the tens digit of k(n)?
2
Suppose -21*y - 6*y + 104607 - 19152 = 0. What is the hundreds digit of y?
1
Let t(j) = -42*j + 3. Let i = 59 + -62. Let g(u) = -u**3 - 3*u**2 + u - 1. Let f be g(i). What is the tens digit of t(f)?
7
Suppose -240 = -11*r + 178. Suppose r = 5*k - 112. What is the tens digit of k?
3
Let o be 38*11/(-2)*(-4 + 2). Let s = o - 203. What is the tens digit of s?
1
Suppose -3*x + 9 = 3. Let u(h) = h**2 + 2*h + 1. Let c be u(x). Suppose -y + c = -79. What is the tens digit of y?
8
Let h be 2 + 12/(-6) - 774. Let g = h - -1239. What is the tens digit of g?
6
Suppose 4*b - 79926 = -8082. What is the hundreds digit of b?
9
Let v(o) = -o**2 + 8 + 3*o**2 + 2*o**2 - 12*o. Suppose -12 = -3*y + p, 2*p - 29 = -5*y + 2. What is the units digit of v(y)?
8
Let o be (-4)/(-10) + (-4)/10. Let s = -696 - -705. Suppose -15*v + s*v + 1272 = o. What is the units digit of v?
2
Suppose -5*s = 2550 - 830. Let h = s - -547. Suppose h = 4*c + 3. What is the units digit of c?
0
Let g be (-1)/((16/24)/((-4)/6)). What is the units digit of (g + (-10)/12)*3*146?
3
Let z(p) = -2419*p + 485. What is the thousands digit of z(-3)?
7
Let y(k) be the second derivative of 3*k**5/20 - 5*k**4/12 - k**3/6 - 5*k**2/2 + 145*k. What is the units digit of y(5)?
0
Let o be ((-130)/(-30))/(1/(-54)*-3). Let p = 122 + o. What is the units digit of p?
0
Let z be (-3)/7 + (-122110)/(-70). Suppose 5*v - x = -z + 208, -4*v + 3*x = 1220. Let f = -218 - v. What is the tens digit of f?
9
Let o(w) = -w**2 + 8*w - 12. Let m be o(6). Suppose 22*q - 21*q + 3 = m. What is the units digit of q/2 - (2 + (-660)/8)?
9
Suppose 4*d + 94 - 202 = 0. Suppose d*g = -27*g + 3348. What is the tens digit of g?
6
Suppose 5*a = u - 0*u + 19209, -3837 = -a - u. What is the units digit of a?
1
Suppose -5235 = -21*d + 6*d. What is the tens digit of 3*(-1)/(-3)*d?
4
Let b(a) = -4*a + 68. Let h(o) = -5. Let c(v) = -5*b(v) - 80*h(v). What is the units digit of c(15)?
0
Suppose 13*n = 12*n + 10. Let z be (32 - 33)/(-1 - (-12)/n). What is the units digit of (0 - 191)*((0 - -4) + z)?
1
What is the thousands digit of (0 - 1) + (17715/9)/(5/15)?
5
Let l(t) = t**2 - 3*t - 20. Let y be l(-3). What is the tens digit of (6/24*y)/((-3)/1170)?
9
Let n(a) = 5*a**3 - 4*a**2 + 51*a + 9. What is the units digit of n(10)?
9
Suppose -5*a - 5 = 0, a + 1562 = q + 2*a. What is the units digit of q?
3
Let o(y) = 318*y**2 - 182*y + 2. What is the hundreds digit of o(5)?
0
Let d be 40/15*(-18)/24. What is the units digit of (-2)/(-2) - ((d - 125) + 2)?
6
Let i = -26 - -26. Suppose 3*y + 42 - 12 = i. What is the units digit of (-24)/(((-12)/(-28))/(y/7))?
0
Let j = -117682 - -204842. What is the ten thousands digit of j?
8
Suppose -9*s + 0*s + 144164 = -31435. What is the units digit of s?
1
Let n = -612 - -122. Let y = n + 954. What is the units digit of y?
4
What is the hundreds digit of 108334/5 - 2304/1280?
6
Let u = 166 - 153. What is the units digit of (u*1)/((-27)/(-297))?
3
Suppose -2*s - 3*d = -6035, -1948 - 1062 = -s - 3*d. What is the tens digit of s?
2
Let f be 9/(-6)*-16*(-6)/4. Let m = 193 - f. What is the tens digit of m?
2
Let l(c) = -1655*c + 222. What is the hundreds digit of l(-14)?
3
Let i(k) = -85*k + 23. Let z(v) = 6*v + 32. Let s be z(-6). What is the hundreds digit of i(s)?
3
Suppose 0 = -34*g + 514146 + 171022. What is the units digit of g?
2
What is the hundreds digit of 13/(-2) - 21551419/(-458)?
0
What is the tens digit of ((-52254)/(9 - 0))/(3/(-15))?
3
Suppose -13930*q = -13968*q + 947416. What is the units digit of q?
2
Let m(n) = n**3 - 2*n**2 + 2*n + 1. Let a be m(4). Let v = -30 + a. Let c = -3 + v. What is the units digit of c?
8
Let z = 19186 + -9030. What is the hundreds digit of z?
1
Suppose -12 = 5*p + 23. Let r be ((-6)/(-3))/(p/(252/(-8))). What is the tens digit of (-2 + r/6)/((-4)/328)?
4
Let q(v) = 2*v**3 + 15*v**2 - 71*v + 16. What is the tens digit of q(8)?
3
Suppose -2*i + 360 + 1276 = 0. Suppose -461 = -i*h + 817*h. What is the tens digit of h?
6
Let p be (-2)/7 - 592/(-112). Suppose 4 = x - 3*d + p, 5*x = 3*d - 41. Let y(s) = -15*s - 34. What is the tens digit of y(x)?
1
Suppose 8*f + 24812 = i, 53*f - 55*f - 14 = 0. What is the tens digit of i?
5
Let s(x) be the third derivative of -3*x**4/4 + 14*x**3/3 + 16*x**2. Let m(h) = -37*h + 56. Let k(g) = 6*m(g) - 13*s(g). What is the units digit of k(12)?
6
Suppose -8*x + 13*x = 1410. Let r = 112 - x. Let g = -98 - r. What is the units digit of g?
2
Suppose 0 = 6*c - 785 - 2635. Let z = 53 + c. What is the units digit of z?
3
Suppose 4*k + 0*x - 568 = -5*x, -5*x = -k + 167. Suppose 3*j - 192 = 2*d, j + 5*d - 22 - 42 = 0. Let m = k + j. What is the tens digit of m?
1
Let j(i) = 5*i**2 + 5*i + 4. Let k be j(3). What is the tens digit of k/(((-44)/24)/(-11))?
8
Let m = -6690 + 7943. What is the units digit of m?
3
Let s(t) = 13*t**2 - t**2 - 4*t**2 + 15*t - 210 - 4*t**2 - 2*t**2. What is the tens digit of s(13)?
2
Let d(q) = 158*q + 1453. What is the thousands digit of d(34)?
6
Let d = -85 + -140. Let s(m) = -9*m**2 - 2. Let r be s(4). Let i = r - d. What is the units digit of i?
9
Let t(c) = -42*c + 1. Let s = -21 + 35. Let v = s - 18. What is the tens digit of t(v)?
6
Let r be 4 - (55/20)/(3/(-12)). Let m = 15 - r. Suppose -4*q + m*q + 492 = 0. What is the tens digit of q?
2
Suppose 79167 = 35*l - 24*l. What is the units digit of l?
7
Suppose -4*u = -5*x - 13444, -6*u + 3*x = -2*u - 13452. What is the thousands digit of u?
3
Suppose -x = -2*h + 40874, 0 = 260*h - 264*h - x + 81772. What is the units digit of h?
1
Suppose 40*y - 38*y + 5*i = 61580, -4*i + 61574 = 2*y. What is the tens digit of y?
7
Let q(v) = -74*v + 60. Let n(d) = -72*d + 59. Let w(f) = 4*n(f) - 3*q(f). What is the hundreds digit of w(-8)?
5
Suppose 10*u - 47 = 9373. Suppose 0 = -5*d - 2*c + 1570, 0 = -3*d + c + c + u. What is the units digit of d?
4
Suppose 71*x - 49124 = 309355. What is the tens digit of x?
4
Suppose 46*t - 411858 - 433693 = 580357. What is the ten thousands digit of t?
3
Let a(v) = 28*v**3 - 15*v**2 + 16*v + 68. Let u(x) = -10*x**3 + 5*x**2 - 5*x - 23. Let q(i) = -4*a(i) - 11*u(i). What is the tens digit of q(-5)?
0
Let p = 417 + -387. What is the tens digit of (-19968)/144*p/(-4)?
4
Let h = 118 + -207. Let y(n) = -75*n. Let f be y(2). Let p = h - f. What is the tens digit of p?
6
Let j be 5 + -6*(-1)/(-2). Suppose j*z = 5*z - 1323. What is the units digit of z?
1
Let v = -52867 - -83116. What is the units digit of v?
9
Suppose -2*q + 10134 = -4*w - 4718, 5*w + 7429 = q. Suppose -q = -10*s + 1226. What is the hundreds digit of s?
8
Let a(b) = 79*b - 481. What is the units digit of a(44)?
5
Suppose -23*g + 702950 = -316456 - 18446. What is the units digit of g?
4
Suppose -718 = -y - 4*b + 58, -y + 792 = -4*b. Suppose -7*a + 0*a - y = 0. Let w = -60 - a. What is the tens digit of w?
5
Let b(f) = 1 + 3280*f - 3278*f + 0 + 415*f**2 + 2. What is the units digit of b(-1)?
6
Let h = 600 - 346. Suppose -16*g + 17*g = h. What is the tens digit of g?
5
Let i(d) = 27*d**2 - 3*d - 293. What is the thousands digit of i(16)?
6
Let v be 2/(-3)*(-459)/(-34). Let a(j) = j**3 + 17*j**2 + 7*j + 7. What is the hundreds digit of a(v)?
5
Let n = 32480 - 23813. What is the units digit of n?
7
Let z(u) = 7*u + 10. Let n(l) = -l - 1. Let b(q) = 6*n(q) + z(q). Let m be b(6). What is the tens digit of m/15 - 334/(-3)?
1
Let l = 98553 - 30288. What is the ten thousands digit of l?
6
Let a be ((-1)/2)/((-8)/48). Let t(l) = 2*l**2 - 10*l - 7. Let h be t(6). Suppose h*b = -10, 4*b = -a*x + 2*b + 614. What is the hun